{"id":2,"date":"2022-10-13T19:28:12","date_gmt":"2022-10-13T17:28:12","guid":{"rendered":"http:\/\/monoclanky.cz\/?page_id=2"},"modified":"2022-10-15T20:09:41","modified_gmt":"2022-10-15T18:09:41","slug":"uvod","status":"publish","type":"page","link":"https:\/\/monoclanky.cz\/","title":{"rendered":"JIN\u00dd STAV BEZT\u00cd\u017dE"},"content":{"rendered":"\n<p>Dobr\u00e9 jitro, mil\u00e9 matky!&nbsp;<\/p>\n\n\n\n<p>I vy, ji\u017e jste jim k tomuto stavu dopomohli. Bu\u010fte v\u00edt\u00e1ni i vy, kte\u0159\u00ed jste v r\u00e1mci denn\u00ed d\u00e1vky prokrastinace propadli \u00fatrobami internetu a\u017e sem.<\/p>\n\n\n\n<p>Tento po\u010din ve mn\u011b uzr\u00e1v\u00e1 (ne\u0159ku-li&nbsp;hnije) od po\u010d\u00e1tku m\u00e9ho speci\u00e1ln\u00edho mono-mono t\u011bhotenstv\u00ed. Jsou to dva roky.&nbsp;<\/p>\n\n\n\n<p>Ne, \u017ee bych se tehdy tolik sna\u017eila prohrab\u00e1vat se t\u00e9m\u011b\u0159 neexistuj\u00edc\u00edmi \u010dl\u00e1nky o t\u00e9to specifikaci, nebo dokonce vyhled\u00e1vala a p\u0159ekl\u00e1dala ze zahrani\u010dn\u00edch zdroj\u016f. Nejsem bl\u00e1zen. A proto mi velice brzy do\u0161lo, \u017ee v r\u00e1mci udr\u017een\u00ed du\u0161evn\u00ed pohody bude l\u00e9pe, dozv\u011bd\u011bt se o tomto t\u00e9matu ne v\u00edc, ne\u017e nutn\u00e9 minimum. Tak tady ho m\u00e1te. Minimum informac\u00ed s maximem neu\u017eite\u010dn\u00e9ho balastu.<\/p>\n","protected":false},"excerpt":{"rendered":"<p>Dobr\u00e9 jitro, mil\u00e9 matky!&nbsp; I vy, ji\u017e jste jim k tomuto stavu dopomohli. Bu\u010fte v\u00edt\u00e1ni i vy, kte\u0159\u00ed jste v r\u00e1mci denn\u00ed d\u00e1vky prokrastinace propadli \u00fatrobami internetu a\u017e sem. Tento po\u010din ve mn\u011b uzr\u00e1v\u00e1 (ne\u0159ku-li&nbsp;hnije) od po\u010d\u00e1tku m\u00e9ho speci\u00e1ln\u00edho mono-mono t\u011bhotenstv\u00ed. Jsou to dva roky.&nbsp; Ne, \u017ee bych se tehdy tolik sna\u017eila prohrab\u00e1vat se t\u00e9m\u011b\u0159&hellip;<\/p>\n","protected":false},"author":1,"featured_media":0,"parent":0,"menu_order":0,"comment_status":"closed","ping_status":"closed","template":"","meta":{"footnotes":""},"class_list":["post-2","page","type-page","status-publish","hentry"],"_links":{"self":[{"href":"https:\/\/monoclanky.cz\/index.php?rest_route=\/wp\/v2\/pages\/2","targetHints":{"allow":["GET"]}}],"collection":[{"href":"https:\/\/monoclanky.cz\/index.php?rest_route=\/wp\/v2\/pages"}],"about":[{"href":"https:\/\/monoclanky.cz\/index.php?rest_route=\/wp\/v2\/types\/page"}],"author":[{"embeddable":true,"href":"https:\/\/monoclanky.cz\/index.php?rest_route=\/wp\/v2\/users\/1"}],"replies":[{"embeddable":true,"href":"https:\/\/monoclanky.cz\/index.php?rest_route=%2Fwp%2Fv2%2Fcomments&post=2"}],"version-history":[{"count":3,"href":"https:\/\/monoclanky.cz\/index.php?rest_route=\/wp\/v2\/pages\/2\/revisions"}],"predecessor-version":[{"id":30,"href":"https:\/\/monoclanky.cz\/index.php?rest_route=\/wp\/v2\/pages\/2\/revisions\/30"}],"wp:attachment":[{"href":"https:\/\/monoclanky.cz\/index.php?rest_route=%2Fwp%2Fv2%2Fmedia&parent=2"}],"curies":[{"name":"wp","href":"https:\/\/api.w.org\/{rel}","templated":true}]}}